- -5) + -1029 + 1023
-21
-20234 + 20359 - (42 - (-1 + 1))
83
What is the value of 7 - 2 - (95 + -77) - (43 - 99)?
43
Evaluate 12 - 1 - (-59 + 20 + -2 + 128).
-76
What is the value of -176 + (21 - -43 - -40)?
-72
What is the value of 3 + 1 - (14 - (-12 + 10 + 11))?
-1
What is -14 + 79 - ((-15 - 3) + -14 + (15 - -7))?
75
Evaluate -45 + (8 - (49 - 54)).
-32
Evaluate 68 + 16 + -65 + 78 - 8.
89
Evaluate -34963 - -34975 - (-1 - (41 + -1)).
53
What is the value of 13 + -16 - ((-6 - -4) + (12 + 0 - -6))?
-19
14 + 0 - 2 - (-19 + (155 - 96))
-28
Evaluate (86 - -30) + (6 - (21 - (1 + 7))).
109
Calculate (-3 - ((-15 - 5) + -5) - 66) + 8.
-36
What is the value of 5 - (8 + (-2 - (19 + -3 + 1)) - -47)?
-31
What is -78 - (-188 - (-139 + 91))?
62
Calculate (-10 - 1 - -45) + (17 - 27).
24
What is the value of 20 + -111 + 72 - (-67 + -1)?
49
18 - ((10 - -8) + -84 - 19)
103
(1 - -41) + 3799 + -3827
14
Calculate (15 - 9 - 58) + 70.
18
What is the value of -7 + 5 + (6 + 3 - 2 - 4)?
1
(10 - (22 + 13 + -17 + -13)) + -2 - 30
-27
What is the value of -42 + -37 + 31 + -2?
-50
What is (63 - 19) + 25 + -52 + 69?
86
Calculate (0 + -46 - (769 + -737)) + 11.
-67
What is the value of -12 + 20 + -3 - 22 - -31?
14
Calculate 34 + -164 + 24 + -60 + 34.
-132
9 - (-16 + (0 - (16 - (9 - -6))))
26
Calculate -1 + 54 - ((-1 - -14) + -4 - (0 + 5)).
49
What is 2 + -7 - (3 + -43 - -26) - -3?
12
What is the value of -6590 - -6600 - (1 + (0 - 1) - (-4 + 43))?
49
What is the value of (5 - -5) + (-16 + -4 + -2 - 7)?
-19
What is the value of (-33 - (-9 + -53)) + -2?
27
Evaluate 1 - 20 - (-20 + 36 + -26 + 22).
-31
Calculate -3 - -2 - (7 - 4 - (7 + -6)).
-3
What is the value of (136 - (-47 + 28)) + -8 + -18 + -3?
126
What is 185 + -258 - (-7 + -22 + 4)?
-48
Evaluate -54 + 0 - ((11 + -9 - -21) + -12 + -10).
-55
What is the value of 2 + -53 + (57 - (35 + 24))?
-53
What is the value of 471 + -471 - (-4 - -79)?
-75
7 + -19 + -1 + (22 - 22) + 8
-5
Evaluate (-5 - (3 - 12)) + (-73 - -107).
38
What is (-3 - 8) + 14 + 98 + -78?
23
Evaluate (-131 - -10) + (-12 - (-26 - (-16 + 10))) + 5.
-108
Evaluate 36 + 21 + (-15 - -5) + 16.
63
Evaluate (-4 - (-1 + 0)) + (0 - 14) + 13 + -2.
-6
22 + -2 + -23 + (1 - -2) - 3 - 69
-72
76 - ((-20 - -18) + -8 + (-5 - -29))
62
(4 - 1) + 70 + (-129 - -82)
26
(21 - 45) + 10 + -30 + 17
-27
-36 + (6 - 41) + 78
7
Calculate -2 + (-42 - 9 - (43 - (1 + 27))).
-68
What is (-17 - (-24 - 31)) + 23?
61
What is -67 + 28 - (-8 - (-8 - 8))?
-47
Calculate -192 - (1 - 144) - -19.
-30
Evaluate (137 + -218 - -171) + 22.
112
What is (61 - (114 - 63)) + -1?
9
What is the value of 23 - 0 - (780 + -798 - (-1 - 20))?
20
Evaluate 15 - (34 + -12 - -17) - -4.
-20
Evaluate 6 - (14 - -5 - 22) - 39.
-30
Evaluate (1 - 12) + -60 + 159 + -70 - 10.
8
Calculate -5 + 1 + -6 + (66 - (15 - 21)).
62
-25 - (-4 + -8 + 131 + -103)
-41
Evaluate 6 - (248 + -248 + (-1 + -1 - -10) - -1).
-3
What is the value of 2 - -1 - (14 + -1) - (-17 - 1)?
8
What is -17 + -1 + -7305 + 7382?
59
Evaluate -187 + (-106 + 272 - 53).
-74
What is (17 + 34 + 1 - 43) + (1 - (-12 - 1))?
23
Evaluate (-2 - -4) + 12 - (-155 - (63 + -230)).
2
What is -3 + (-46 - (26 - 57)) - (0 - 59)?
41
Calculate 1 - -29 - (-2564 - -2584).
10
-31 + (43 - 62) - 14
-64
What is 19 + (13 - (-7 - -9)) + -9 + 9 + -19?
11
Calculate -2 - 29 - (11 - 35 - -6 - -6).
-19
What is the value of (13 - -1) + (2 - (35 + 22))?
-41
Evaluate 3 + (-35 - -15 - (4 - -21)) + 11.
-31
Calculate 22 - (67 + -44) - (2 - (1 + -10)).
-12
Calculate 50 - (-146 + 80 + 29).
87
What is -47 + (-13 - -98 - 13)?
25
What is the value of 75014 - 74988 - (-13 - (-1 + 2 + 1))?
41
What is the value of 86 + (-1 - 0 - (-1 + -2)) + 772 + -763?
97
What is the value of (0 + 12 - -1) + -18 + 29 - -9?
33
What is -15 + (-52 - (37 + -92))?
-12
What is the value of 15 + -7 + -1 + (-11 - (-8 - -5)) - 26?
-27
Evaluate 39 + -50 + -83 - -61.
-33
What is 35 + (-19 - (-36 - -43))?
9
What is 5 + 0 + (-532 - -550) + 91?
114
What is -1 - (58 - (-39 - -91)) - (-56 - (3 + -1))?
51
-68 - (-84 - (-21 + -54))
-59
Calculate 11 + (7 - (-20 + 8)) + -26.
4
What is -6 + 9 + -11 + (52 - -1) + (-5 - -6)?
46
Calculate 0 - 55 - (-1126 + 1085).
-14
What is the value of (-8 - 6) + (-5 - (-9 + (7 - 6) - 0))?
-11
What is the value of 168 + -19 + -173 + 3 + -17 + 2 + -2?
-38
2473 + -2469 + (3 - 1) + 0 + -38
-32
76 + (23 - (-26 - -48) - 47)
30
What is (-35 + -156 - -95) + 42?
-54
What is (-9 + 11 + 17 - 34 - -16) + 40 + 0?
41
What is (-68 - -59) + (-1 + 103 - (-3 - (19 - 19)))?
96
Evaluate -72 - -66 - -137 - 156.
-25
What is the value of -39 + (11 - -4) + -38 + 46?
-16
What is the value of (-59 - -13 - 1) + -5 - 9?
-61
Evaluate (-10 - 2) + (-32 - -40) + 5 + -3.
-2
Evaluate -16 + -5 + -30 + 26 - -138.
113
5 + (23 - 29) + 1 + 13 + 103
116
Evaluate -1 + 33 - (-395 + 134 + 430).
-137
Calculate 65 + (6 - (-15 - -1)) + 5 + -17.
73
What is (-91 - -43) + (18 - 20) + -3 + 1?
-52
-73 - (-91 - (-153 + 112))
-23
What is the value of (83 - -23 - 80) + (1 - 27)?
0
What is -147 + (299 - (135 - 126))?
143
What is the value of -581 + 578 - (-25 - -152)?
-130
What is -5 + 66 + -34 + 22 + -19?
30
Evaluate (-92 - (123 + -207)) + 0 + -1 + -34.
-43
What is 151 - (109 - -154 - 80)?
-32
(-14 - -43) + -113 + 101
17
What is 4 + 6 + 57 + -241 + 117?
-57
(79 - -84) + -57 + -32
74
What is 16 - (-18 + (-1 + -8 + 3 - 7))?
47
What is the value of (16 - (16 - 9)) + 10 + -60?
-41
(52 - 1) + 2856 + -3013
-106
Evaluate 1627 + -1535 - (-5 + 2 + -1 - -3 - 4).
97
What is the value of -5 - -23 - (-18 - (4 + -9) - -72)?
-41
What is the value of 1 + -5 + -44 + 73 + -58?
-33
What is the value of 44 + -138 + -2 + -157 + 172?
-81
What is -171 + 235 + -114 + (-17 - (2 + -1))?
-68
Evaluate -11 + (-6 - -5) + 22 + (-16 - -36) + 64.
94
What is the value of (-203 + 99 - -214) + -111?
-1
(-49 - -63) + 0 + -3 - (-25 - -119) - -9
-74
What is (875 - 845) + (72 - 12)?
90
Evaluate 22 + 35 + -206 + (0 - (-15 - 0)).
-134
What is the value of -7 + 32 - (29 + (-3 - 6))?
5
What is 11 + (-2 - 2) + -3 + (-40 - 12)?
-48
What is the value of -4 + 0 + -1 + (55 - (94 - 55))?
11
Evaluate 128 + -126 - (-98 + 6 + -2 + -4).
100
(21 + 0 - (74 + -61) - 5) + -40
-37
Calculate (-361 - -346) + -21 + (0 + 2 - 2).
-36
What is (12 - 0) + -52 + 8 - 21?
-53
17 - 18 - ((3 - -50) + -34 + 30)
-50
What is (16 - (3 + -5)) + (24 - 54)?
-12
Calculate 1 + -13 + (6 - -2 - 1) + (-66 - -62).
-9
Calculate 49 + -10 + -5 + (-15 - -15) + -16.
18
15 + (29 + -12 + -13 - 7) + -6
6
Evaluate 63 + (-16 - (41 + -21)) - -103.
130
Calculate (12 - 4) + (63 - (33 - 7)).
45
Calculate (-13 - (16 + -48)) + -11 - -10.
18
Calculate -99 + -57 - -204 - -33.
81
What is -112 + -15 + 6 + 1 - (-12 + -20 + 39)?
-127
What is the value of 12 + (1 - 4) + (46 - 7) - 2?
46
-1490 - -1522 - (126 + -11)
-83
Evaluate (-6 + 1 - -2) + (19 - (-33 - -50)) - -7.
6
-813 - -894 - (-5 + -9 + (-5 - -6))
94
Evaluate 8 - (-5 - -8 - 2 - (-1 + 57)).
63
What is the value of -3 + 0 + -100 + 483 + -502?
-122
What is (-1 - (-22 - 5)) + -51 + 84?
59
Calculate -7 - (47 + (25 - 87)).
8
Evaluate (-78 + -35 - -74) + 103.
64
Calculate (17 - -1) + 2905 + -2958.
-35
What is (492 - 558) + 0 + 27?
-39
What is 44 + -55 + -14 - 26?
-51
What is 0 + (-9 - 1) - (41 - 33) - -16?
-2
What is the value of -30 - (-35 - -17) - 17 - -154?
125
(9 - -2) + -129 + 48 + 83 + 21
34
What is the value of (-2 - -11) + -13 + 101 + -88?
9
Evaluate 27 + (0 + -7 + 1 + 26 - 9).
38
2 + 46 - (-12 - (-11 + 3)) - (-160 + 159)
53
What is (18 - 8 - 12) + (-26 - 35)?
-63
What is the value of 15 - 2 - (650 + -557)?
-80
Evaluate 2 - (0 - 0) - (75 - (48 + -53 + 28)).
-50
What is the value of -21 + -14 + (26 - -22) + -15?
-2
Evaluate (0 + 0 - -18) + 0 + (601 - (-406 + 1001)).
24
What is the value of -12 - -2 - (-40 - -59)?
-29
What is 89 + (16 - 9 - 67)?
29
What is -89 + 3 - (1237 - 1276)?
-47
(1 + 12 - (1 - -22)) + (-5 - -51)
36
What is the value of 198 - (119 - 30 - -20)?
89
13 - (5 - ((11 - -11) + -10) - -5) - 13
2
-30 + (8 + 8 - 22) + -9 + 0 + 4
-41
Calculate (-45 - -29 - 3) + (5 - 48).
-62
Calculate (1 - -57) + (-77 - -74).
55
Calculate -97 + (67 - (-48 + 106)).
-88
What is -9 - (1 + -1 + -4 + -40 + -28 + 27)?
36
What is the value of -41 + (-15 - -43 - 6 - 15)?
-34
Calculate -66 - -75 - 13 - (1 + 8).
-13
What is the value of 3